is the remainder when 245 is divided by l?
0
Let z(k) = -2*k - 84. Let a(r) = -r - 28. Let s(i) = 8*a(i) - 3*z(i). Let q be s(11). Suppose 76 = q*t + 22. What is the remainder when t is divided by 8?
1
Let h(z) = -z**2 - 7*z - 17. Let g be h(-14). What is the remainder when (0 + 6)*g/(-10) is divided by (171/(-19))/(1/(-2))?
15
Let h be (1005/9)/((-1)/(-3)). Let q = h - 84. What is the remainder when q is divided by 14?
13
Suppose s - 3*n = 21, 52*n = 3*s + 50*n - 77. What is the remainder when 278 is divided by s?
8
Let q = -262 - -332. Suppose 3*h - q = 4*g, -h = 2*h - 3*g - 72. Calculate the remainder when 155 is divided by h.
25
Let f(b) = b**3 + 33*b**2 - 18*b - 59. What is the remainder when f(-33) is divided by 262?
11
Calculate the remainder when 1244 is divided by (-50 - -1)*23/(-161).
5
Suppose 2*h - 4*h = -4*g, 3*h + 5*g = 0. Suppose h = -d + n + 42, 3*d - 98 = 11*n - 15*n. Calculate the remainder when d is divided by 13.
12
Let h(a) = -4*a**3 + 27*a**2 + 2*a + 8. Let b be h(7). Calculate the remainder when (-2 + (b - 6))*4/(-10) is divided by 8.
6
Let g = 27 + 1. Let y = 232 - 232. Suppose 16*v - 15*v - 10 = y. Calculate the remainder when g is divided by v.
8
What is the remainder when 170 is divided by -30*44/(-36) + (-10)/6?
30
Let c(o) be the second derivative of -o**5/20 - o**4/3 + o**3 + 4*o**2 + 25*o. Let b = -11 + 6. What is the remainder when 17 is divided by c(b)?
2
Let q = -465 - -544. Suppose -2*w + 12 = w. Suppose 3*v - 4*v = -2*o + 79, w*v + 156 = 4*o. Calculate the remainder when q is divided by o.
39
Let h = 9028 - 8959. What is the remainder when 1446 is divided by h?
66
Calculate the remainder when 200 is divided by 0/1 - (35/175 + (-708)/15).
12
Let j = 24185 + -24163. What is the remainder when 79 is divided by j?
13
Let t be -12*20/8*(-4)/40. Suppose 10*n - 9*n - 22 = -t*d, -40 = -3*n + 4*d. What is the remainder when 50 is divided by n?
2
Let j(a) = a + 16. Suppose 0 = -4*k - 5*s + 3302, -13*s + 9*s = 3*k - 2477. Let r = -745 + k. Calculate the remainder when r is divided by j(0).
14
Suppose -4*c + 186 = -2*o, -8*o + 5*o - c = 244. Let q = o - -65. Let y(j) = -j**3 - 18*j**2 + 3. What is the remainder when 7 is divided by y(q)?
1
Let h(t) = -8*t + 9. Let q(i) = 5*i + 5. Let w be q(-2). Let d = 293 - 196. Calculate the remainder when d is divided by h(w).
48
Suppose 450 = 2*n + 4*n. Let t = n + -59. Suppose -t = 3*k - 52. Calculate the remainder when 70 is divided by k.
10
Let w = -19 - -24. Suppose 11*u - 84 = w*u. Let o = 0 + u. Calculate the remainder when o is divided by 5.
4
Suppose -3*a = -2*h + 304, 2*h = 103*a - 101*a + 308. Calculate the remainder when 2046 is divided by h.
150
Let c(l) = l**3 + 43*l**2 + 56*l - 1056. Calculate the remainder when (-4)/(-18) + (-588)/(-27) is divided by c(-41).
2
Let o(j) = -24*j + 8. Suppose 14*a + a = -90. Calculate the remainder when o(a) is divided by 40.
32
Suppose 4*o + 3*n = -169, -o - n - 43 = -0*o. Let g(t) = -t**3 + 2*t**2 + 4*t. What is the remainder when (-61)/(-5) - (-8)/o is divided by g(3)?
0
What is the remainder when 22100/6 + -1 + (-378)/1134 is divided by 55?
52
Let m(s) = s**3 + 14*s**2 - 35*s - 43. Let k be m(-16). Let u = -5 + 10. Suppose -4*y - 1 = -u, 4*g = k*y + 103. What is the remainder when 47 is divided by g?
20
Calculate the remainder when 385 is divided by (27 + (-1265)/46)/((-1)/200).
85
Suppose -168 = 2*f + 48. Suppose -38 = -3*i + 25. Calculate the remainder when 13/((-208)/12)*f is divided by i.
18
Let g(m) = -4*m - 50. Let r(j) = 7*j + 99. Let v(w) = 7*g(w) + 3*r(w). Suppose 2*a + 2*a = 140. Calculate the remainder when a is divided by v(-9).
5
Suppose 43 = 24*v - 5. Let z(k) = 34*k**3 - 3*k**2 + 2*k - 9. Calculate the remainder when z(v) is divided by 26.
21
Let d be (-180)/(-48) + (-1)/(-4). Suppose -50 + 142 = d*j. What is the remainder when 111 is divided by j?
19
Let u(n) = 11*n**2 - 11*n + 219. What is the remainder when u(0) is divided by 98?
23
Suppose -g - 332 + 1129 = 0. Suppose 5*p - 241 = -z, p - 5*z + 871 = 888. What is the remainder when g is divided by p?
45
Suppose 5*m - 2*g = -5*g + 194, -m + g + 42 = 0. Suppose 31 = 2*i + 5*u + 6, 4*i = -5*u + 45. Calculate the remainder when m is divided by i.
0
Let w(v) = v**3 - 59*v**2 + 7*v + 483. What is the remainder when w(59) is divided by 13?
12
Suppose -2*w + 12 = 0, -4*y + 2*w - 53 + 845 = 0. What is the remainder when y is divided by 43?
29
Suppose 16*p = 7*p - 29*p + 1406. Calculate the remainder when 296 is divided by p.
0
Let d(v) = 20*v**3 - 2*v**2 + v. Let q(k) = 43*k + 2918. Calculate the remainder when q(-67) is divided by d(1).
18
Suppose 51 = -682*b + 685*b. Calculate the remainder when 34 is divided by b.
0
Suppose 11*s = -92 + 235. Suppose -s*h + 59 = -6. Calculate the remainder when 57 is divided by h.
2
Let d be ((-198)/(-3))/(-1) - 0. Let b(o) = -o**3 - 56*o**2 + 56*o - 149. Let u be b(-57). Let i = d - u. Calculate the remainder when i is divided by 16.
10
Let h(b) = -b**3 + 14*b**2 + 44*b + 324. Let k = 34 + -21. What is the remainder when h(17) is divided by k?
10
Suppose 4*j - u - 16 = 5*u, -u = 4*j - 44. Let k(l) = l**3 - 8*l**2 - 25*l + 58. What is the remainder when k(j) is divided by 6?
2
Let c = -4 - -5. Let m(w) = w**3 + 7*w**2 + 11*w + 8. Let z be m(-6). Let a(x) = x**3 + 22*x**2 - 2*x - 42. Calculate the remainder when a(z) is divided by c.
0
Let o be (21/28)/((-9)/(-60)). Suppose -5*w + 865 = -o*s, -8*w = -10*w + 3*s + 351. Calculate the remainder when w is divided by 6.
0
Let i(g) be the second derivative of 2*g**3 - 85*g**2/2 + 12*g + 2. Calculate the remainder when 80 is divided by i(8).
3
Suppose -5*c - 730 + 85 = -5*g, 2*g + 2*c - 262 = 0. Suppose 71*z - 3875 = -84*z. What is the remainder when g is divided by z?
5
Let i(o) = o**3 + 3*o**2 - 2*o + 14. Let l be i(-5). Let h = 21 - l. What is the remainder when h is divided by 13?
8
Let c(z) = -329*z - 313. Calculate the remainder when 2649 is divided by c(-1).
9
Let d be ((-3192)/105)/((-2)/30). Calculate the remainder when 1*(-7)/((-21)/d) is divided by 77.
75
What is the remainder when 1681 is divided by ((-153)/135)/((-13)/195)?
15
Let c be -15 - -14 - 1*-5. Let d(t) = t**2 - 3*t - 1. Let j be d(c). Suppose 0 = j*q + 138 - 585. What is the remainder when q is divided by 25?
24
Let p be -4*-6*(-7)/(-8). Suppose 16*k + 85 = p*k. What is the remainder when 55 is divided by k?
4
Suppose -5*m - 9*h + 625 = -6*h, 2*m = -2*h + 254. Calculate the remainder when 2682 is divided by m.
120
Let w(g) = -7*g - 39. Let x be w(-6). Suppose x*f + f - 3968 = 0. What is the remainder when (2 + (-14)/4)/((-12)/f) is divided by 32?
28
Let o = -24376 - -24736. Calculate the remainder when 7187 is divided by o.
347
Let n(l) = 4*l**2 - 5*l. Suppose 0 = -6*y + 11*y - 35. Suppose -2*b = 3*k - y*b - 35, 5*k - 3*b = 37. What is the remainder when n(2) is divided by k?
1
Suppose 3*a = 2*z + 145, 3*z - 75 = -0*a - 2*a. Suppose a*s + 7154 = 59*s. What is the remainder when s is divided by 57?
55
Let z(f) = 2*f**2 - 6*f + 7. Let b be ((-588)/70)/(6/(-20)). Suppose 14*x + b = 18*x. What is the remainder when z(5) is divided by x?
6
Let q(c) = -1108*c + 77. Calculate the remainder when q(-3) is divided by 14.
13
Suppose -4*k + 2*l + 135 = 35, -k + 2*l + 25 = 0. Suppose q - 4*q = -39. Calculate the remainder when k is divided by q.
12
Let i(a) = a**3 - 5*a**2 - 4*a + 12. Calculate the remainder when 1288 is divided by i(6).
16
Let w(k) = -k + 15. Let z = -265 - -271. Calculate the remainder when 407/(-66) + z - (-349)/6 is divided by w(0).
13
Calculate the remainder when 96/(-8) + 2340/12 is divided by 34.
13
Suppose 552 + 343 = 5*k. Suppose 2*v + 55 = 59. Suppose 51*t - 4*w - 196 = 47*t, -v*w - 6 = 0. Calculate the remainder when k is divided by t.
41
Let a(y) = -4*y**2 - 31*y + 56. Let m(l) = -l**2 - 10*l + 19. Let s(i) = -2*a(i) + 7*m(i). Calculate the remainder when 20 is divided by s(4).
0
Suppose -36 = -4*l - 0*l. Let g = 178 + -178. Suppose g = -d - l + 10. What is the remainder when 5 is divided by d?
0
Let v = -313 - -364. Calculate the remainder when 899 is divided by v.
32
Suppose -s = -46 - 17. Suppose 34*k - 1262 = -106. What is the remainder when s is divided by k?
29
Suppose -3 = -3*y + g + g, -3*y + 5*